{"id":13239,"date":"2026-04-28T15:43:00","date_gmt":"2026-04-28T13:43:00","guid":{"rendered":"https:\/\/ceres.pl\/sklep\/produkt\/bez-kategorii\/sphera-g-20-8kg\/"},"modified":"2026-04-30T08:36:40","modified_gmt":"2026-04-30T06:36:40","slug":"sphera-g-20-8kg","status":"publish","type":"product","link":"https:\/\/ceres.pl\/sklep\/produkt\/pozyteczne-mikroorganizmy\/sphera-g-20-8kg\/","title":{"rendered":"Sphera G 20  8kg"},"content":{"rendered":"<p><strong>SPHERA G20<\/strong><\/p>\n<p><strong>Granulat \u2013 SP3<\/strong><\/p>\n<p>&nbsp;<\/p>\n<p><strong>SPHERA G<\/strong> to innowacyjny produkt \u0142\u0105cz\u0105cy dzia\u0142anie grzyb\u00f3w mikoryzowych:<\/p>\n<p>\u00b7 Rhizoglomus irregulare<\/p>\n<p>\u00b7 Glomus mosseae<\/p>\n<p>\u00b7 Funneliformis caledonium<\/p>\n<p>oraz po\u017cytecznych bakterii:<\/p>\n<p>\u00b7 Azotobacter vinelandii<\/p>\n<p>\u00b7 Bacillus megaterium<\/p>\n<p>\u00b7 Rhodopseudomonas palustris<\/p>\n<p>&nbsp;<\/p>\n<p>Tworzy kompletne konsorcjum mikrobiologiczne wspieraj\u0105ce ro\u015blin\u0119 od najwcze\u015bniejszych faz rozwojowych.<\/p>\n<p>&nbsp;<\/p>\n<p><strong>Preparat:<\/strong><\/p>\n<p><strong>\u00b7 wspomaga kie\u0142kowanie nasion i przyjmowanie si\u0119 ro\u015blin,<\/strong><\/p>\n<p><strong>\u00b7 optymalizuje pobieranie sk\u0142adnik\u00f3w pokarmowych,<\/strong><\/p>\n<p><strong>\u00b7 zwi\u0119ksza odporno\u015b\u0107 ro\u015blin na stresy biotyczne.<\/strong><\/p>\n<p>&nbsp;<\/p>\n<p><strong>MECHANIZM DZIA\u0141ANIA<\/strong><\/p>\n<p>Grzyby mikoryzowe zawarte w SPHERA G szybko tworz\u0105 symbioz\u0119 z systemem korzeniowym, znacz\u0105co zwi\u0119kszaj\u0105c zdolno\u015b\u0107 ro\u015blin do pobierania:<\/p>\n<p>\u00b7 fosforu,<\/p>\n<p>\u00b7 potasu,<\/p>\n<p>\u00b7 mikroelement\u00f3w.<\/p>\n<p>&nbsp;<\/p>\n<p>Efektem jest:<\/p>\n<p>\u00b7 wzmocnienie systemu korzeniowego,<\/p>\n<p>\u00b7 poprawa zakotwiczenia ro\u015blin w glebie,<\/p>\n<p>\u00b7 zwi\u0119kszenie tolerancji na stres wodny i \u015brodowiskowy.<\/p>\n<p>Jednocze\u015bnie bakterie dzia\u0142aj\u0105 synergistycznie poprzez:<\/p>\n<p>\u00b7 biologiczne wi\u0105zanie azotu atmosferycznego,<\/p>\n<p>\u00b7 dostarczanie azotu w formach przyswajalnych,<\/p>\n<p>\u00b7 stymulacj\u0119 rozwoju korzeni,<\/p>\n<p>\u00b7 solubilizacj\u0119 uwstecznionych fosforan\u00f3w glebowych,<\/p>\n<p>\u00b7 produkcj\u0119 metabolit\u00f3w wt\u00f3rnych, witamin, antyoksydant\u00f3w oraz fitohormon\u00f3w poprawiaj\u0105cych og\u00f3ln\u0105 kondycj\u0119 ro\u015blin.<\/p>\n<p>&nbsp;<\/p>\n<p><strong>Widoczne efekty na ro\u015blinach<\/strong><\/p>\n<p>Stosowanie <strong>SPHERA G<\/strong> mo\u017ce przyczynia\u0107 si\u0119 do uzyskania nast\u0119puj\u0105cych efekt\u00f3w fizjologicznych i wizualnych:<\/p>\n<p>\u00b7 szybsze i bardziej wyr\u00f3wnane wschody,<\/p>\n<p>\u00b7 silniejszy, bardziej rozbudowany system korzeniowy,<\/p>\n<p>\u00b7 intensywniejszy wigor pocz\u0105tkowy i lepszy rozw\u00f3j cz\u0119\u015bci nadziemnej,<\/p>\n<p>\u00b7 poprawa od\u017cywienia ro\u015blin,<\/p>\n<p>\u00b7 wi\u0119ksza tolerancja na okresowe niedobory wody oraz inne stresy \u015brodowiskowe,<\/p>\n<p>\u00b7 lepsza regeneracja ro\u015blin po stresach i wi\u0119ksza stabilno\u015b\u0107 wzrostu,<\/p>\n<p>\u00b7 bardziej wyr\u00f3wnana produkcja i lepszy potencja\u0142 plonotw\u00f3rczy.<\/p>\n<p>\u00b7 mo\u017cliwo\u015b\u0107 poprawy efektywno\u015bci ekonomicznej produkcji poprzez lepsze wykorzystanie nak\u0142ad\u00f3w nawozowych,<\/p>\n<p>\u00b7 budowanie d\u0142ugofalowej \u017cyzno\u015bci biologicznej gleby.<\/p>\n<p>&nbsp;<\/p>\n<p>Z do\u015bwiadcze\u0144 w\u0142asnych i obserwacji u klient\u00f3w wida\u0107 wyra\u017anie, \u017ce stosowanie SPHERy z TRIASHem znacz\u0105co podnosi korzy\u015bci zar\u00f3wno ro\u015blin, jak i gospodarstwa.<\/p>\n<p>&nbsp;<\/p>\n<p><strong>SPECYFICZNE DZIA\u0141ANIE \u2013 INOKULUM GRZYB\u00d3W MIKORYZOWYCH<\/strong><\/p>\n<p><strong>Numer rejestracyjny nawozu organicznego w Republice W\u0142oskiej: 0045330\/25<\/strong><\/p>\n<p>&nbsp;<\/p>\n<p><strong>SK\u0141AD<\/strong><\/p>\n<p>\u00b7 Typ: produkt poprawiaj\u0105cy jako\u015b\u0107 gleby<\/p>\n<p>\u00b7 Zawarto\u015b\u0107 mikoryz: 1%<\/p>\n<p>\u00b7 Zawarto\u015b\u0107 bakterii ryzosferowych: 10\u2079 jtk\/g<\/p>\n<p>\u00b7 Brak GMO i patogen\u00f3w<\/p>\n<p>&nbsp;<\/p>\n<p><strong>W\u0142a\u015bciwo\u015bci fizykochemiczne<\/strong><\/p>\n<table style=\"border-collapse: collapse; width: 53.8813%; height: 79px;\">\n<tbody>\n<tr style=\"height: 23px;\">\n<td style=\"width: 28.2648%; height: 23px;\"><strong>Parametr<\/strong><\/td>\n<td style=\"width: 25.6165%; height: 23px;\"><strong>Warto\u015b\u0107<\/strong><\/td>\n<\/tr>\n<tr style=\"height: 23px;\">\n<td style=\"width: 28.2648%; height: 23px;\">Kolor<\/td>\n<td style=\"width: 25.6165%; height: 23px;\">Jasnozielony<\/td>\n<\/tr>\n<tr style=\"height: 23px;\">\n<td style=\"width: 28.2648%; height: 23px;\">Zapach<\/td>\n<td style=\"width: 25.6165%; height: 23px;\">Znikomy<\/td>\n<\/tr>\n<tr style=\"height: 10px;\">\n<td style=\"width: 28.2648%; height: 10px;\">Rozpuszczalno\u015b\u0107<\/td>\n<td style=\"width: 25.6165%; height: 10px;\">Nierozpuszczalny<\/td>\n<\/tr>\n<\/tbody>\n<\/table>\n<p>&nbsp;<\/p>\n<p><strong>FORMULACJA<\/strong><\/p>\n<p>\u00b7 Granulat<\/p>\n<p><strong>KLASYFIKACJA<\/strong><\/p>\n<p>\u00b7 Brak<\/p>\n<p><strong>OPAKOWANIA<\/strong><\/p>\n<p>Worek 10 kg<\/p>\n<p><strong>INSTRUKCJA STOSOWANIA<\/strong><\/p>\n<table style=\"border-collapse: collapse; width: 43.3783%;\">\n<tbody>\n<tr>\n<td style=\"width: 20.5944%;\"><strong>Metoda aplikacji<\/strong><\/td>\n<td style=\"width: 22.4422%;\"><strong>Dawka<\/strong><\/td>\n<\/tr>\n<tr>\n<td style=\"width: 20.5944%;\">Aplikacja lokalna<\/td>\n<td style=\"width: 22.4422%;\">10 kg\/ha<\/td>\n<\/tr>\n<tr>\n<td style=\"width: 20.5944%;\">Mieszanie z pod\u0142o\u017cem<\/td>\n<td style=\"width: 22.4422%;\">0,5\u20131 kg\/m\u00b3<\/td>\n<\/tr>\n<\/tbody>\n<\/table>\n<p>&nbsp;<\/p>\n","protected":false},"excerpt":{"rendered":"<p>SPHERA G20 Granulat \u2013 SP3 &nbsp; SPHERA G to innowacyjny produkt \u0142\u0105cz\u0105cy dzia\u0142anie grzyb\u00f3w mikoryzowych: \u00b7 Rhizoglomus irregulare \u00b7 Glomus mosseae \u00b7 Funneliformis caledonium oraz po\u017cytecznych bakterii: \u00b7 Azotobacter vinelandii \u00b7 Bacillus megaterium \u00b7 Rhodopseudomonas palustris &nbsp; Tworzy kompletne konsorcjum mikrobiologiczne wspieraj\u0105ce ro\u015blin\u0119 od najwcze\u015bniejszych faz rozwojowych. &nbsp; Preparat: \u00b7 wspomaga kie\u0142kowanie nasion i przyjmowanie [&hellip;]<\/p>\n","protected":false},"featured_media":13245,"template":"","meta":{"_acf_changed":false,"_seopress_robots_primary_cat":"none","_seopress_titles_title":"","_seopress_titles_desc":"","_seopress_robots_index":""},"product_brand":[],"product_cat":[141],"product_tag":[],"class_list":{"0":"post-13239","1":"product","2":"type-product","3":"status-publish","4":"has-post-thumbnail","6":"product_cat-pozyteczne-mikroorganizmy","8":"first","9":"instock","10":"taxable","11":"shipping-taxable","12":"purchasable","13":"product-type-simple"},"acf":[],"_links":{"self":[{"href":"https:\/\/ceres.pl\/sklep\/wp-json\/wp\/v2\/product\/13239","targetHints":{"allow":["GET"]}}],"collection":[{"href":"https:\/\/ceres.pl\/sklep\/wp-json\/wp\/v2\/product"}],"about":[{"href":"https:\/\/ceres.pl\/sklep\/wp-json\/wp\/v2\/types\/product"}],"wp:featuredmedia":[{"embeddable":true,"href":"https:\/\/ceres.pl\/sklep\/wp-json\/wp\/v2\/media\/13245"}],"wp:attachment":[{"href":"https:\/\/ceres.pl\/sklep\/wp-json\/wp\/v2\/media?parent=13239"}],"wp:term":[{"taxonomy":"product_brand","embeddable":true,"href":"https:\/\/ceres.pl\/sklep\/wp-json\/wp\/v2\/product_brand?post=13239"},{"taxonomy":"product_cat","embeddable":true,"href":"https:\/\/ceres.pl\/sklep\/wp-json\/wp\/v2\/product_cat?post=13239"},{"taxonomy":"product_tag","embeddable":true,"href":"https:\/\/ceres.pl\/sklep\/wp-json\/wp\/v2\/product_tag?post=13239"}],"curies":[{"name":"wp","href":"https:\/\/api.w.org\/{rel}","templated":true}]}}