{"id":2305,"date":"2021-06-29T13:22:30","date_gmt":"2021-06-29T11:22:30","guid":{"rendered":"https:\/\/ceres.pl\/sklep\/produkt\/bez-kategorii\/folia-czarno-biala-do-mulczowania-standard-120-cm-x-1000-mb-40-mikrometrow\/"},"modified":"2026-03-20T09:40:57","modified_gmt":"2026-03-20T08:40:57","slug":"folia-czarno-biala-do-mulczowania-standard-120-cm-x-1000-mb-40-mikrometrow","status":"publish","type":"product","link":"https:\/\/ceres.pl\/sklep\/produkt\/folie-do-mulczowania\/folia-czarno-biala-do-mulczowania-standard-120-cm-x-1000-mb-40-mikrometrow\/","title":{"rendered":"Folia czarno-bia\u0142a do mulczowania Standard 120 cm x 1000 mb 40 mikrometr\u00f3w"},"content":{"rendered":"<p>Folia do mulczowania charakteryzuje si\u0119 wysok\u0105 elastyczno\u015bci\u0105 i wytrzyma\u0142o\u015bci\u0105. Jest przystosowana do mechanicznego rozk\u0142adania za pomoc\u0105 maszyn, dodatkowo stabilizowana UV. Folie bia\u0142o-czarne stosowane s\u0105 do op\u00f3\u017anienia wegetacji. Folia zabezpiecza gleb\u0119 przed erozj\u0105 oraz powstrzymuje rozw\u00f3j chwast\u00f3w i zapobiega szybkiemu wysuszeniu gleby.<\/p>\n<p><strong>Zalety stosowania:<\/strong><\/p>\n<ul>\n<li>zabezpiecza ro\u015bliny przed zachwaszczeniem,<\/li>\n<li>mo\u017cliwo\u015b\u0107 wyeliminowania u\u017cycia herbicyd\u00f3w w trakcie uprawy,<\/li>\n<li>ograniczenie parowania wody pod foli\u0105,<\/li>\n<li>owoce s\u0105 czyste i lepszej jako\u015bci,<\/li>\n<li>zabezpiecza ro\u015bliny przed szkodnikami<\/li>\n<\/ul>\n","protected":false},"excerpt":{"rendered":"<p>Folia do mulczowania charakteryzuje si\u0119 wysok\u0105 elastyczno\u015bci\u0105 i wytrzyma\u0142o\u015bci\u0105. Jest przystosowana do mechanicznego rozk\u0142adania za pomoc\u0105 maszyn, dodatkowo stabilizowana UV. Folie bia\u0142o-czarne stosowane s\u0105 do op\u00f3\u017anienia wegetacji. Folia zabezpiecza gleb\u0119 przed erozj\u0105 oraz powstrzymuje rozw\u00f3j chwast\u00f3w i zapobiega szybkiemu wysuszeniu gleby. Zalety stosowania: zabezpiecza ro\u015bliny przed zachwaszczeniem, mo\u017cliwo\u015b\u0107 wyeliminowania u\u017cycia herbicyd\u00f3w w trakcie uprawy, ograniczenie [&hellip;]<\/p>\n","protected":false},"featured_media":6247,"template":"","meta":{"_acf_changed":false,"_seopress_robots_primary_cat":"none","_seopress_titles_title":"","_seopress_titles_desc":"","_seopress_robots_index":""},"product_brand":[],"product_cat":[105],"product_tag":[],"class_list":{"0":"post-2305","1":"product","2":"type-product","3":"status-publish","4":"has-post-thumbnail","6":"product_cat-folie-do-mulczowania","8":"first","9":"outofstock","10":"sale","11":"taxable","12":"shipping-taxable","13":"purchasable","14":"product-type-simple"},"acf":[],"_links":{"self":[{"href":"https:\/\/ceres.pl\/sklep\/wp-json\/wp\/v2\/product\/2305","targetHints":{"allow":["GET"]}}],"collection":[{"href":"https:\/\/ceres.pl\/sklep\/wp-json\/wp\/v2\/product"}],"about":[{"href":"https:\/\/ceres.pl\/sklep\/wp-json\/wp\/v2\/types\/product"}],"wp:featuredmedia":[{"embeddable":true,"href":"https:\/\/ceres.pl\/sklep\/wp-json\/wp\/v2\/media\/6247"}],"wp:attachment":[{"href":"https:\/\/ceres.pl\/sklep\/wp-json\/wp\/v2\/media?parent=2305"}],"wp:term":[{"taxonomy":"product_brand","embeddable":true,"href":"https:\/\/ceres.pl\/sklep\/wp-json\/wp\/v2\/product_brand?post=2305"},{"taxonomy":"product_cat","embeddable":true,"href":"https:\/\/ceres.pl\/sklep\/wp-json\/wp\/v2\/product_cat?post=2305"},{"taxonomy":"product_tag","embeddable":true,"href":"https:\/\/ceres.pl\/sklep\/wp-json\/wp\/v2\/product_tag?post=2305"}],"curies":[{"name":"wp","href":"https:\/\/api.w.org\/{rel}","templated":true}]}}