{"id":2716,"date":"2021-10-13T09:46:30","date_gmt":"2021-10-13T07:46:30","guid":{"rendered":"https:\/\/ceres.pl\/sklep\/produkt\/bez-kategorii\/stacja-pogodowa-weatherhub\/"},"modified":"2023-01-04T11:03:17","modified_gmt":"2023-01-04T10:03:17","slug":"stacja-pogodowa-weatherhub","status":"publish","type":"product","link":"https:\/\/ceres.pl\/sklep\/produkt\/instrumenty-pomiarowe-stelzner-pronova\/stacje-pogodowe\/stacja-pogodowa-weatherhub\/","title":{"rendered":"Stacja pogodowa WeatherHub"},"content":{"rendered":"<p>Stacja pogodowa z nadajnikiem termo-higro, bezprzewodowym deszczomierzem i wiatromierzem s\u0142onecznym &#8211; Pobieraj dane w dowolnym miejscu i czasie za pomoc\u0105 smartfona, dost\u0119pnego r\u00f3wnie\u017c dla wielu u\u017cytkownik\u00f3w, bezp\u0142atna aplikacja. &#8211; Przetwornik temperatury zewn\u0119trznej i wilgotno\u015bci powietrza, deszczomierz i ilo\u015b\u0107 opad\u00f3w Liczba dni deszczowych, \u015brednia ilo\u015b\u0107 opad\u00f3w, wiatromierz z kierunkiem wiatru, si\u0142a wiatru, porywy i maksymalna si\u0142a wiatru. &#8211; Aktualne warto\u015bci w czasie rzeczywistym oraz dane historyczne, &#8211; Dodatkowa funkcjonalno\u015b\u0107 aplikacji (grafika i widoki, funkcja maks.\/min. i eksport danych), regulowane limity alarmowe, komunikaty push dla alarm\u00f3w, oszcz\u0119dno\u015b\u0107 do 90 dni. &#8211; Bardzo \u0142atwa instalacja przez bramk\u0119 internetow\u0105 &#8211; Mo\u017cliwo\u015b\u0107 pod\u0142\u0105czenia do 50 czujnik\u00f3w (868 MHz). &#8211; System mo\u017cna rozbudowa\u0107 o wiele innych typ\u00f3w nadajnik\u00f3w. &#8211; W zestawie bramka, nadajnik termo-higro, deszczomierz, wiatromierz, zasilacz do bramki, kabel LAN.<\/p>\n","protected":false},"excerpt":{"rendered":"<p>Stacja pogodowa z nadajnikiem termo-higro, bezprzewodowym deszczomierzem i wiatromierzem s\u0142onecznym &#8211; Pobieraj dane w dowolnym miejscu i czasie za pomoc\u0105 smartfona, dost\u0119pnego r\u00f3wnie\u017c dla wielu u\u017cytkownik\u00f3w, bezp\u0142atna aplikacja. &#8211; Przetwornik temperatury zewn\u0119trznej i wilgotno\u015bci powietrza, deszczomierz i ilo\u015b\u0107 opad\u00f3w Liczba dni deszczowych, \u015brednia ilo\u015b\u0107 opad\u00f3w, wiatromierz z kierunkiem wiatru, si\u0142a wiatru, porywy i maksymalna si\u0142a [&hellip;]<\/p>\n","protected":false},"featured_media":2740,"template":"","meta":{"_acf_changed":false,"_seopress_robots_primary_cat":"none","_seopress_titles_title":"","_seopress_titles_desc":"","_seopress_robots_index":""},"product_brand":[],"product_cat":[152,166],"product_tag":[],"class_list":{"0":"post-2716","1":"product","2":"type-product","3":"status-publish","4":"has-post-thumbnail","6":"product_cat-instrumenty-pomiarowe-stelzner-pronova","7":"product_cat-stacje-pogodowe","9":"first","10":"onbackorder","11":"taxable","12":"shipping-taxable","13":"purchasable","14":"product-type-simple"},"acf":[],"_links":{"self":[{"href":"https:\/\/ceres.pl\/sklep\/wp-json\/wp\/v2\/product\/2716","targetHints":{"allow":["GET"]}}],"collection":[{"href":"https:\/\/ceres.pl\/sklep\/wp-json\/wp\/v2\/product"}],"about":[{"href":"https:\/\/ceres.pl\/sklep\/wp-json\/wp\/v2\/types\/product"}],"wp:featuredmedia":[{"embeddable":true,"href":"https:\/\/ceres.pl\/sklep\/wp-json\/wp\/v2\/media\/2740"}],"wp:attachment":[{"href":"https:\/\/ceres.pl\/sklep\/wp-json\/wp\/v2\/media?parent=2716"}],"wp:term":[{"taxonomy":"product_brand","embeddable":true,"href":"https:\/\/ceres.pl\/sklep\/wp-json\/wp\/v2\/product_brand?post=2716"},{"taxonomy":"product_cat","embeddable":true,"href":"https:\/\/ceres.pl\/sklep\/wp-json\/wp\/v2\/product_cat?post=2716"},{"taxonomy":"product_tag","embeddable":true,"href":"https:\/\/ceres.pl\/sklep\/wp-json\/wp\/v2\/product_tag?post=2716"}],"curies":[{"name":"wp","href":"https:\/\/api.w.org\/{rel}","templated":true}]}}