{"id":338,"date":"2019-11-26T11:41:41","date_gmt":"2019-11-26T10:41:41","guid":{"rendered":"https:\/\/ceres.pl\/sklep\/sklep\/bez-kategorii\/substrat-do-wysiewu-i-pikowania-roslin-ozdobnych-i-warzyw-70l-a\/"},"modified":"2026-04-08T10:03:54","modified_gmt":"2026-04-08T08:03:54","slug":"substrat-do-wysiewu-i-pikowania-roslin-ozdobnych-i-warzyw-70l-a","status":"publish","type":"product","link":"https:\/\/ceres.pl\/sklep\/produkt\/podloza-i-substraty-na-bazie-wlokna-kokosowego\/substrat-do-wysiewu-i-pikowania-roslin-ozdobnych-i-warzyw-70l-a\/","title":{"rendered":"SUBSTRAT DO WYSIEWU I PIKOWANIA RO\u015aLIN OZDOBNYCH I WARZYW  70L A"},"content":{"rendered":"<p><strong>Substrat do wysiewu i pikowania SWA<\/strong> \u2013 substrat do wysiewu i pikowania polecany dla ro\u015blin wra\u017cliwych na zasolenie (wi\u0119kszo\u015b\u0107 gatunk\u00f3w kwiat\u00f3w, sa\u0142ata).<\/p>\n<p>W\u0142\u00f3kno kokosowe wykorzystywane do substrat\u00f3w do wysiewu jest specjalnie oczyszczane i buforowane, po to \u017ceby zapewni\u0107 jak najlepsze warunki nasionom do kie\u0142kowania i m\u0142odym siewk\u0105 do dalszego wzrostu. Opr\u00f3cz w\u0142\u00f3kna kokosowego do substratu do wysiewu u\u017cywamy najwy\u017cszej jako\u015bci osiewanego torfu cegie\u0142kowego o drobnej frakcji 0-7 mm oraz drobnego agroperlitu. Poza tym do substratu do wysiewu i pikowania dodajemy p\u0142ukany piasek, kt\u00f3ry zapewnia lepsz\u0105 styczno\u015b\u0107 substratu z wysianymi nasionami, co jest bardzo wa\u017cne, szczeg\u00f3lnie w pierwszym etapie kiedy nasiona kie\u0142kuj\u0105 i kiedy s\u0105 nara\u017cone na przesychanie. W sk\u0142adzie substratu znajduje si\u0119 r\u00f3wnie\u017c dawka startowa nawozu.<\/p>\n<h3>Zalety substratu:<\/h3>\n<ul>\n<li>W 100% organiczny sk\u0142ad.<\/li>\n<li>Dawka startowa nawozu zapewniaj\u0105ca wsparcie dla ro\u015blin na pocz\u0105tkowym etapie wzrostu.<\/li>\n<li>Optymalne warunki powietrzno-wodne.<\/li>\n<li>Stabilna struktura i doskona\u0142a pojemno\u015b\u0107 cieplna.<\/li>\n<li>U\u0142atwia ukorzenianie oraz ponowne nawil\u017canie po wysuszeniu.<\/li>\n<li>Wolne od zanieczyszcze\u0144, patogen\u00f3w i nasion chwast\u00f3w.<\/li>\n<\/ul>\n<p><strong>Cechy pod\u0142o\u017ca:<\/strong><\/p>\n<ul>\n<li>Warto\u015b\u0107 pH: 5,5-6,5<\/li>\n<li>Frakcja torfu cegie\u0142kowego: 0-7 mm<\/li>\n<li>Posta\u0107: sta\u0142a<\/li>\n<\/ul>\n<p><strong>Opakowanie:<\/strong>\u00a070 l<\/p>\n<p>&nbsp;<\/p>\n","protected":false},"excerpt":{"rendered":"<p>Substrat do wysiewu i pikowania SWA \u2013 substrat do wysiewu i pikowania polecany dla ro\u015blin wra\u017cliwych na zasolenie (wi\u0119kszo\u015b\u0107 gatunk\u00f3w kwiat\u00f3w, sa\u0142ata). W\u0142\u00f3kno kokosowe wykorzystywane do substrat\u00f3w do wysiewu jest specjalnie oczyszczane i buforowane, po to \u017ceby zapewni\u0107 jak najlepsze warunki nasionom do kie\u0142kowania i m\u0142odym siewk\u0105 do dalszego wzrostu. Opr\u00f3cz w\u0142\u00f3kna kokosowego do substratu [&hellip;]<\/p>\n","protected":false},"featured_media":5691,"template":"","meta":{"_acf_changed":false,"_seopress_robots_primary_cat":"none","_seopress_titles_title":"","_seopress_titles_desc":"","_seopress_robots_index":""},"product_brand":[],"product_cat":[89],"product_tag":[],"class_list":{"0":"post-338","1":"product","2":"type-product","3":"status-publish","4":"has-post-thumbnail","6":"product_cat-podloza-i-substraty-na-bazie-wlokna-kokosowego","8":"first","9":"instock","10":"taxable","11":"shipping-taxable","12":"purchasable","13":"product-type-simple"},"acf":[],"_links":{"self":[{"href":"https:\/\/ceres.pl\/sklep\/wp-json\/wp\/v2\/product\/338","targetHints":{"allow":["GET"]}}],"collection":[{"href":"https:\/\/ceres.pl\/sklep\/wp-json\/wp\/v2\/product"}],"about":[{"href":"https:\/\/ceres.pl\/sklep\/wp-json\/wp\/v2\/types\/product"}],"wp:featuredmedia":[{"embeddable":true,"href":"https:\/\/ceres.pl\/sklep\/wp-json\/wp\/v2\/media\/5691"}],"wp:attachment":[{"href":"https:\/\/ceres.pl\/sklep\/wp-json\/wp\/v2\/media?parent=338"}],"wp:term":[{"taxonomy":"product_brand","embeddable":true,"href":"https:\/\/ceres.pl\/sklep\/wp-json\/wp\/v2\/product_brand?post=338"},{"taxonomy":"product_cat","embeddable":true,"href":"https:\/\/ceres.pl\/sklep\/wp-json\/wp\/v2\/product_cat?post=338"},{"taxonomy":"product_tag","embeddable":true,"href":"https:\/\/ceres.pl\/sklep\/wp-json\/wp\/v2\/product_tag?post=338"}],"curies":[{"name":"wp","href":"https:\/\/api.w.org\/{rel}","templated":true}]}}