{"id":382,"date":"2019-11-26T12:30:09","date_gmt":"2019-11-26T11:30:09","guid":{"rendered":"https:\/\/ceres.pl\/sklep\/sklep\/bez-kategorii\/parasolex\/"},"modified":"2026-04-29T11:35:22","modified_gmt":"2026-04-29T09:35:22","slug":"parasolex","status":"publish","type":"product","link":"https:\/\/ceres.pl\/sklep\/produkt\/srodki-do-cieniowania\/parasolex\/","title":{"rendered":"Parasolex"},"content":{"rendered":"<p>Parasolex to ca\u0142osezonowy preparat do cieniowania szklarni.<\/p>\n<p><strong>Opakowanie:<\/strong>\u00a020kg<\/p>\n<p><strong>Zu\u017cycie: <\/strong>Wystarcza na zacieniowanie od 600 do 1200 m<sup>2<\/sup>\u00a0powierzchni (w zale\u017cno\u015bci od stopnia zacienienia).<\/p>\n<p><strong>Spos\u00f3b\u00a0u\u017cycia:<br \/>\n<\/strong>Proszek nale\u017cy wsypa\u0107 do wody (najlepiej o temperaturze pokojowej) i dobrze wymiesza\u0107. Aby dosz\u0142o do ca\u0142kowitego rozpuszczenia nale\u017cy odczeka\u0107 kilkadziesi\u0105t minut, a nast\u0119pnie raz jeszcze silnie zamiesza\u0107. Cieni\u00f3wk\u0119 mo\u017cna nanosi\u0107 przy pomocy rozpylacza lub p\u0119dzla na such\u0105 powierzchni\u0119, najlepiej po intensywnym deszczu, kt\u00f3ry zmyje nam kurz ze szk\u0142a i przy umiarkowanym nas\u0142onecznieniu.<\/p>\n","protected":false},"excerpt":{"rendered":"<p>Parasolex to ca\u0142osezonowy preparat do cieniowania szklarni. Opakowanie:\u00a020kg Zu\u017cycie: Wystarcza na zacieniowanie od 600 do 1200 m2\u00a0powierzchni (w zale\u017cno\u015bci od stopnia zacienienia). Spos\u00f3b\u00a0u\u017cycia: Proszek nale\u017cy wsypa\u0107 do wody (najlepiej o temperaturze pokojowej) i dobrze wymiesza\u0107. Aby dosz\u0142o do ca\u0142kowitego rozpuszczenia nale\u017cy odczeka\u0107 kilkadziesi\u0105t minut, a nast\u0119pnie raz jeszcze silnie zamiesza\u0107. Cieni\u00f3wk\u0119 mo\u017cna nanosi\u0107 przy pomocy [&hellip;]<\/p>\n","protected":false},"featured_media":5693,"template":"","meta":{"_acf_changed":false,"_seopress_robots_primary_cat":"none","_seopress_titles_title":"","_seopress_titles_desc":"","_seopress_robots_index":""},"product_brand":[],"product_cat":[98],"product_tag":[],"class_list":{"0":"post-382","1":"product","2":"type-product","3":"status-publish","4":"has-post-thumbnail","6":"product_cat-srodki-do-cieniowania","8":"first","9":"instock","10":"taxable","11":"shipping-taxable","12":"purchasable","13":"product-type-simple"},"acf":[],"_links":{"self":[{"href":"https:\/\/ceres.pl\/sklep\/wp-json\/wp\/v2\/product\/382","targetHints":{"allow":["GET"]}}],"collection":[{"href":"https:\/\/ceres.pl\/sklep\/wp-json\/wp\/v2\/product"}],"about":[{"href":"https:\/\/ceres.pl\/sklep\/wp-json\/wp\/v2\/types\/product"}],"wp:featuredmedia":[{"embeddable":true,"href":"https:\/\/ceres.pl\/sklep\/wp-json\/wp\/v2\/media\/5693"}],"wp:attachment":[{"href":"https:\/\/ceres.pl\/sklep\/wp-json\/wp\/v2\/media?parent=382"}],"wp:term":[{"taxonomy":"product_brand","embeddable":true,"href":"https:\/\/ceres.pl\/sklep\/wp-json\/wp\/v2\/product_brand?post=382"},{"taxonomy":"product_cat","embeddable":true,"href":"https:\/\/ceres.pl\/sklep\/wp-json\/wp\/v2\/product_cat?post=382"},{"taxonomy":"product_tag","embeddable":true,"href":"https:\/\/ceres.pl\/sklep\/wp-json\/wp\/v2\/product_tag?post=382"}],"curies":[{"name":"wp","href":"https:\/\/api.w.org\/{rel}","templated":true}]}}