{"id":4361,"date":"2023-03-14T11:10:10","date_gmt":"2023-03-14T10:10:10","guid":{"rendered":"https:\/\/ceres.pl\/sklep\/produkt\/bez-kategorii\/zestaw-doradczy-typ-1\/"},"modified":"2026-04-14T11:21:04","modified_gmt":"2026-04-14T09:21:04","slug":"miernik-pet-2000-zestaw-z-walizka","status":"publish","type":"product","link":"https:\/\/ceres.pl\/sklep\/produkt\/instrumenty-pomiarowe-stelzner-pronova\/ec-metry\/miernik-pet-2000-zestaw-z-walizka\/","title":{"rendered":"Miernik PET 2000 zestaw z walizk\u0105"},"content":{"rendered":"<p>Miernik aktywno\u015bci PET 2000 mo\u017ce mierzy\u0107 potencjaln\u0105 absorpcj\u0119 soli od\u017cywczych w tych samych warunkach, co rzeczywista absorpcja soli od\u017cywczych przez korzenie. Oznacza to, \u017ce zawarto\u015b\u0107 rozpuszczonej soli jest mierzona w glebie i pod\u0142o\u017cu, a zatem odpowiada bezpo\u015bredniej \u201eaktywno\u015bci\u201d w koronie ro\u015blin. Wy\u015bwietlane jednostki to g\/l (np. gramy soli na litr pod\u0142o\u017ca). Wszystkie powi\u0105zane w\u0142a\u015bciwo\u015bci gleby (takie jak st\u0119\u017cenie nawozu, wilgotno\u015b\u0107 gleby, g\u0119sto\u015b\u0107 obj\u0119to\u015bciowa i temperatura) i brane pod uwag\u0119 przy pomiarze. Za\u0142\u0105czona instrukcja techniczna mo\u017ce by\u0107 nast\u0119pnie wykorzystana do prawid\u0142owej oceny zmierzonej zawarto\u015bci soli. W architekturze krajobrazu, szk\u00f3\u0142kach le\u015bnych, szk\u00f3\u0142kach le\u015bnych, parkach publicznych, lasach i wszystkich innych obszarach uprawy ro\u015blin miernik ten pomaga weryfikowa\u0107 i monitorowa\u0107 plan dzia\u0142ania. Dzi\u0119ki PET 2000 mo\u017cesz zoptymalizowa\u0107 wyniki uprawy. Gdy mierzy si\u0119 wysok\u0105 zawarto\u015b\u0107 soli, paski testowe azotanowe (nr art. 1100) mog\u0105 by\u0107 u\u017cyte do rozr\u00f3\u017cnienia mi\u0119dzy azotem a towarzysz\u0105cymi solami.<\/p>\n<p>Na zestaw doradczy typu 1 sk\u0142ada si\u0119: miernik aktywno\u015bci PET 2000 z sond\u0105 AM (25 cm) ze z\u0142\u0105czem mini DIN (8-stykowy), 6 x pr\u0119towy wska\u017anik poziomu azotan\u00f3w, miarka 100 ml, wyciskana butelka z dejonizowan\u0105 wod\u0105, instrukcja techniczna, walizka.<\/p>\n<p>Sonda AM jest dost\u0119pna w r\u00f3\u017cnych d\u0142ugo\u015bciach (25, 50 lub 75 cm o \u015brednicy 10 mm), aby dopasowa\u0107 j\u0105 do zastosowania. D\u0142u\u017csze sondy s\u0105 dost\u0119pne na \u017cyczenie. Sonda AM jest wykonana ze stali nierdzewnej i posiada 3-centymetrow\u0105 ko\u0144c\u00f3wk\u0119 pomiarow\u0105. Sonda jest bezobs\u0142ugowa. Jest dostarczany z bateri\u0105 9-woltow\u0105 i obudow\u0105 wodoodporn\u0105.<\/p>\n","protected":false},"excerpt":{"rendered":"<p>Miernik aktywno\u015bci PET 2000 mo\u017ce mierzy\u0107 potencjaln\u0105 absorpcj\u0119 soli od\u017cywczych w tych samych warunkach, co rzeczywista absorpcja soli od\u017cywczych przez korzenie. Oznacza to, \u017ce zawarto\u015b\u0107 rozpuszczonej soli jest mierzona w glebie i pod\u0142o\u017cu, a zatem odpowiada bezpo\u015bredniej \u201eaktywno\u015bci\u201d w koronie ro\u015blin. Wy\u015bwietlane jednostki to g\/l (np. gramy soli na litr pod\u0142o\u017ca). Wszystkie powi\u0105zane w\u0142a\u015bciwo\u015bci gleby [&hellip;]<\/p>\n","protected":false},"featured_media":2734,"template":"","meta":{"_acf_changed":false,"_seopress_robots_primary_cat":"none","_seopress_titles_title":"","_seopress_titles_desc":"","_seopress_robots_index":""},"product_brand":[],"product_cat":[154],"product_tag":[],"class_list":{"0":"post-4361","1":"product","2":"type-product","3":"status-publish","4":"has-post-thumbnail","6":"product_cat-ec-metry","8":"first","9":"instock","10":"taxable","11":"shipping-taxable","12":"purchasable","13":"product-type-simple"},"acf":[],"_links":{"self":[{"href":"https:\/\/ceres.pl\/sklep\/wp-json\/wp\/v2\/product\/4361","targetHints":{"allow":["GET"]}}],"collection":[{"href":"https:\/\/ceres.pl\/sklep\/wp-json\/wp\/v2\/product"}],"about":[{"href":"https:\/\/ceres.pl\/sklep\/wp-json\/wp\/v2\/types\/product"}],"wp:featuredmedia":[{"embeddable":true,"href":"https:\/\/ceres.pl\/sklep\/wp-json\/wp\/v2\/media\/2734"}],"wp:attachment":[{"href":"https:\/\/ceres.pl\/sklep\/wp-json\/wp\/v2\/media?parent=4361"}],"wp:term":[{"taxonomy":"product_brand","embeddable":true,"href":"https:\/\/ceres.pl\/sklep\/wp-json\/wp\/v2\/product_brand?post=4361"},{"taxonomy":"product_cat","embeddable":true,"href":"https:\/\/ceres.pl\/sklep\/wp-json\/wp\/v2\/product_cat?post=4361"},{"taxonomy":"product_tag","embeddable":true,"href":"https:\/\/ceres.pl\/sklep\/wp-json\/wp\/v2\/product_tag?post=4361"}],"curies":[{"name":"wp","href":"https:\/\/api.w.org\/{rel}","templated":true}]}}