{"id":4375,"date":"2023-03-22T12:30:50","date_gmt":"2023-03-22T11:30:50","guid":{"rendered":"https:\/\/ceres.pl\/sklep\/produkt\/bez-kategorii\/multiplat-herkupak-hp-d-126-32p-25\/"},"modified":"2026-01-21T14:28:57","modified_gmt":"2026-01-21T13:28:57","slug":"multiplat-herkupak-hp-d-126-32p-25","status":"publish","type":"product","link":"https:\/\/ceres.pl\/sklep\/produkt\/multiplaty\/multiplat-herkupak-hp-d-126-32p-25\/","title":{"rendered":"Multiplat HerkuPak HP D 126\/3,2P-25"},"content":{"rendered":"<p>Multiplat do paperpot\u00f3w o \u015brednicy 25 mm.<\/p>\n<p>Wymiary: 300 mm x 530 mm x 32 mm<\/p>\n<p>Ilo\u015b\u0107 otwor\u00f3w: 126<\/p>\n<p>Ilo\u015b\u0107 otwor\u00f3w na m2: 792<\/p>\n","protected":false},"excerpt":{"rendered":"<p>Multiplat do paperpot\u00f3w o \u015brednicy 25 mm. Wymiary: 300 mm x 530 mm x 32 mm Ilo\u015b\u0107 otwor\u00f3w: 126 Ilo\u015b\u0107 otwor\u00f3w na m2: 792<\/p>\n","protected":false},"featured_media":4380,"template":"","meta":{"_acf_changed":false,"_seopress_robots_primary_cat":"none","_seopress_titles_title":"","_seopress_titles_desc":"","_seopress_robots_index":""},"product_brand":[],"product_cat":[104],"product_tag":[],"class_list":{"0":"post-4375","1":"product","2":"type-product","3":"status-publish","4":"has-post-thumbnail","6":"product_cat-multiplaty","8":"first","9":"outofstock","10":"taxable","11":"shipping-taxable","12":"purchasable","13":"product-type-simple"},"acf":[],"_links":{"self":[{"href":"https:\/\/ceres.pl\/sklep\/wp-json\/wp\/v2\/product\/4375","targetHints":{"allow":["GET"]}}],"collection":[{"href":"https:\/\/ceres.pl\/sklep\/wp-json\/wp\/v2\/product"}],"about":[{"href":"https:\/\/ceres.pl\/sklep\/wp-json\/wp\/v2\/types\/product"}],"wp:featuredmedia":[{"embeddable":true,"href":"https:\/\/ceres.pl\/sklep\/wp-json\/wp\/v2\/media\/4380"}],"wp:attachment":[{"href":"https:\/\/ceres.pl\/sklep\/wp-json\/wp\/v2\/media?parent=4375"}],"wp:term":[{"taxonomy":"product_brand","embeddable":true,"href":"https:\/\/ceres.pl\/sklep\/wp-json\/wp\/v2\/product_brand?post=4375"},{"taxonomy":"product_cat","embeddable":true,"href":"https:\/\/ceres.pl\/sklep\/wp-json\/wp\/v2\/product_cat?post=4375"},{"taxonomy":"product_tag","embeddable":true,"href":"https:\/\/ceres.pl\/sklep\/wp-json\/wp\/v2\/product_tag?post=4375"}],"curies":[{"name":"wp","href":"https:\/\/api.w.org\/{rel}","templated":true}]}}