{"id":501,"date":"2019-11-26T14:18:03","date_gmt":"2019-11-26T13:18:03","guid":{"rendered":"https:\/\/ceres.pl\/sklep\/sklep\/bez-kategorii\/multiplat-herku-hp-d-360-25p-15\/"},"modified":"2026-03-20T08:15:40","modified_gmt":"2026-03-20T07:15:40","slug":"multiplat-herku-hp-d-360-25p-15","status":"publish","type":"product","link":"https:\/\/ceres.pl\/sklep\/produkt\/multiplaty\/multiplat-herku-hp-d-360-25p-15\/","title":{"rendered":"Multiplat Herku HP D360\/2,5P-15"},"content":{"rendered":"<p>Multiplat do paperpot\u00f3w o \u015brednicy 15 mm.<\/p>\n<p>Wymiary: 306 mm x 528 mm x 25 mm<\/p>\n<p>Ilo\u015b\u0107 otwor\u00f3w: 360<\/p>\n<p>Ilo\u015b\u0107 otwor\u00f3w na m2: 2230<\/p>\n","protected":false},"excerpt":{"rendered":"<p>Multiplat do paperpot\u00f3w o \u015brednicy 15 mm. Wymiary: 306 mm x 528 mm x 25 mm Ilo\u015b\u0107 otwor\u00f3w: 360 Ilo\u015b\u0107 otwor\u00f3w na m2: 2230<\/p>\n","protected":false},"featured_media":1132,"template":"","meta":{"_acf_changed":false,"_seopress_robots_primary_cat":"none","_seopress_titles_title":"","_seopress_titles_desc":"","_seopress_robots_index":""},"product_brand":[],"product_cat":[104],"product_tag":[],"class_list":{"0":"post-501","1":"product","2":"type-product","3":"status-publish","4":"has-post-thumbnail","6":"product_cat-multiplaty","8":"first","9":"outofstock","10":"taxable","11":"shipping-taxable","12":"purchasable","13":"product-type-simple"},"acf":[],"_links":{"self":[{"href":"https:\/\/ceres.pl\/sklep\/wp-json\/wp\/v2\/product\/501","targetHints":{"allow":["GET"]}}],"collection":[{"href":"https:\/\/ceres.pl\/sklep\/wp-json\/wp\/v2\/product"}],"about":[{"href":"https:\/\/ceres.pl\/sklep\/wp-json\/wp\/v2\/types\/product"}],"wp:featuredmedia":[{"embeddable":true,"href":"https:\/\/ceres.pl\/sklep\/wp-json\/wp\/v2\/media\/1132"}],"wp:attachment":[{"href":"https:\/\/ceres.pl\/sklep\/wp-json\/wp\/v2\/media?parent=501"}],"wp:term":[{"taxonomy":"product_brand","embeddable":true,"href":"https:\/\/ceres.pl\/sklep\/wp-json\/wp\/v2\/product_brand?post=501"},{"taxonomy":"product_cat","embeddable":true,"href":"https:\/\/ceres.pl\/sklep\/wp-json\/wp\/v2\/product_cat?post=501"},{"taxonomy":"product_tag","embeddable":true,"href":"https:\/\/ceres.pl\/sklep\/wp-json\/wp\/v2\/product_tag?post=501"}],"curies":[{"name":"wp","href":"https:\/\/api.w.org\/{rel}","templated":true}]}}