{"id":630,"date":"2019-11-27T12:59:11","date_gmt":"2019-11-27T11:59:11","guid":{"rendered":"https:\/\/ceres.pl\/sklep\/sklep\/bez-kategorii\/folia-perforowana-150-cm-x-100-mb\/"},"modified":"2026-03-20T11:04:22","modified_gmt":"2026-03-20T10:04:22","slug":"folia-perforowana-150-cm-x-100-mb","status":"publish","type":"product","link":"https:\/\/ceres.pl\/sklep\/produkt\/maty-podsiakowe-i-folia-perforowana\/folia-perforowana-150-cm-x-100-mb\/","title":{"rendered":"Folia perforowana 150 cm x 100 mb"},"content":{"rendered":"<p>Do mat podsi\u0105kowych polecamy foli\u0119 perforowan\u0105 30 mikron\u00f3w, kt\u00f3r\u0105 uk\u0142ada si\u0119 na matach. Folia ta umo\u017cliwia r\u00f3wnomierne rozprowadzanie wody. Nie przepuszcza \u015bwiat\u0142a, dzi\u0119ki czemu zapobiega rozwijaniu si\u0119 glon\u00f3w i chwast\u00f3w. Folia perforowana ma r\u00f3wnie\u017c wp\u0142yw na zwi\u0119kszenie trwa\u0142o\u015bci mat podsi\u0105kowych.<\/p>\n","protected":false},"excerpt":{"rendered":"<p>Do mat podsi\u0105kowych polecamy foli\u0119 perforowan\u0105 30 mikron\u00f3w, kt\u00f3r\u0105 uk\u0142ada si\u0119 na matach. Folia ta umo\u017cliwia r\u00f3wnomierne rozprowadzanie wody. Nie przepuszcza \u015bwiat\u0142a, dzi\u0119ki czemu zapobiega rozwijaniu si\u0119 glon\u00f3w i chwast\u00f3w. Folia perforowana ma r\u00f3wnie\u017c wp\u0142yw na zwi\u0119kszenie trwa\u0142o\u015bci mat podsi\u0105kowych.<\/p>\n","protected":false},"featured_media":850,"template":"","meta":{"_acf_changed":false,"_seopress_robots_primary_cat":"none","_seopress_titles_title":"","_seopress_titles_desc":"","_seopress_robots_index":""},"product_brand":[],"product_cat":[107],"product_tag":[],"class_list":{"0":"post-630","1":"product","2":"type-product","3":"status-publish","4":"has-post-thumbnail","6":"product_cat-maty-podsiakowe-i-folia-perforowana","8":"first","9":"instock","10":"taxable","11":"shipping-taxable","12":"purchasable","13":"product-type-simple"},"acf":[],"_links":{"self":[{"href":"https:\/\/ceres.pl\/sklep\/wp-json\/wp\/v2\/product\/630","targetHints":{"allow":["GET"]}}],"collection":[{"href":"https:\/\/ceres.pl\/sklep\/wp-json\/wp\/v2\/product"}],"about":[{"href":"https:\/\/ceres.pl\/sklep\/wp-json\/wp\/v2\/types\/product"}],"wp:featuredmedia":[{"embeddable":true,"href":"https:\/\/ceres.pl\/sklep\/wp-json\/wp\/v2\/media\/850"}],"wp:attachment":[{"href":"https:\/\/ceres.pl\/sklep\/wp-json\/wp\/v2\/media?parent=630"}],"wp:term":[{"taxonomy":"product_brand","embeddable":true,"href":"https:\/\/ceres.pl\/sklep\/wp-json\/wp\/v2\/product_brand?post=630"},{"taxonomy":"product_cat","embeddable":true,"href":"https:\/\/ceres.pl\/sklep\/wp-json\/wp\/v2\/product_cat?post=630"},{"taxonomy":"product_tag","embeddable":true,"href":"https:\/\/ceres.pl\/sklep\/wp-json\/wp\/v2\/product_tag?post=630"}],"curies":[{"name":"wp","href":"https:\/\/api.w.org\/{rel}","templated":true}]}}